9 = l + 6. Let j(u) = -u**3 + 2*u**2 + 5*u - 8. Let n be j(l). What is w(n)?
9
Let i(f) = 3*f - 29. Let b(c) = -4*c + 33. Let q(j) = -2*b(j) - 3*i(j). Calculate q(13).
8
Suppose 6*t = 14*t + 40. Let q(s) = 3*s**2 - 2*s. Let g(n) = 7*n**2 - 5*n - 1. Let y(w) = t*q(w) + 2*g(w). What is y(2)?
-6
Let w be (-756)/70*10/(-4). Let m = w + -27. Let a(z) = 14*z - 13*z + 1 - 4 + z**2 + m*z**2. Give a(-3).
3
Let x be (-5)/(-15)*0 + 3. Let u(y) = -x*y - 33 + 16 + 17. Give u(-7).
21
Suppose -6 = 2*l - 2. Let s(h) be the third derivative of h**5/60 + h**4/8 + h**3/3 - 4*h**2. Give s(l).
0
Let u = 47 - 47. Let p(k) = 2 + 4*k**2 - k - 2 + u. Calculate p(-1).
5
Let j(z) = z**2 - 8*z. Let d be j(8). Suppose -2*s - s + 36 = d. Let o = -12 + s. Let r(n) = -n**3 - n - 7. Give r(o).
-7
Let n be -1 + 0 - (28 + -31) - 5. Let s(x) = -2*x**3 - x**2 + 6*x - 2. Calculate s(n).
25
Let y(g) = 7*g + 9. Let u(t) = -4*t - 4. Let i(n) = 5*u(n) + 3*y(n). Let j be ((-10)/(-4) - 4)/3*564. Let m = 277 + j. What is i(m)?
2
Let l(v) = 5*v**2 - v - 6. Let m(b) = 3*b**2 - b. Let u(h) = l(h) - 2*m(h). Give u(0).
-6
Let t(s) = -s**2 + 10*s - 3. Let k be 1/2 + (-285)/(-38). What is t(k)?
13
Let k(v) = -5*v**2 + 48*v + 18. Let y(q) = 4*q**2 - 41*q - 17. Let s(p) = 5*k(p) + 6*y(p). Give s(-4).
-4
Let h(a) be the third derivative of a**5/60 + 13*a**4/24 + 11*a**3/2 + 197*a**2. What is h(-10)?
3
Let t(m) = m**3 - 8*m**2 + 10*m - 6. Suppose -b = 5*q + 14, 2*b + 5*q = -4 - 4. Determine t(b).
-18
Let t(a) = 1198*a - 9*a**2 + 2 - 1195*a - 10*a**2. Give t(-1).
-20
Suppose 3*g = 3*c + 30, -18*g = 5*c - 14*g + 14. Let l(n) = 16*n - 11. Let s(f) = 3*f - 2. Let d(m) = 2*l(m) - 11*s(m). What is d(c)?
6
Let h(j) = -j**2 + j - 6. Let i be 66/231 - (-33)/7. Give h(i).
-26
Let p(s) be the second derivative of -s**3/3 - 3*s**2/2 + s. Let m = -7535 + 7539. What is p(m)?
-11
Let r(b) = b**3 + 3*b**2 - 3*b. Suppose 0 = 11*j - 16*j - 15. Calculate r(j).
9
Let c = -3 - -7. Let q(f) = 0*f - c*f - 2*f + 3*f. Determine q(-1).
3
Let g = 30 - 24. Let i(t) = -1 - g*t**2 - 3*t**2 - t - 5 + 10*t**2. Suppose 3*l - l = 0. Give i(l).
-6
Let c(b) = -14*b + 7. Let k(u) = -3*u + 1. Let r(o) = c(o) - 5*k(o). Calculate r(-5).
-3
Let g be 208/39*(-3)/(-4). Let w(k) = -k**3 + 2*k**2 + 5*k - 3. What is w(g)?
-15
Suppose -y = 1 - 6. Suppose -4*l - 3*j + 22 = -2*l, -y*l = 3*j - 73. Let r be (-68)/l + 8/2. Let t(z) = z**3 - z**2 - z + 9. Give t(r).
9
Let q(p) be the third derivative of 5*p**4/24 - 11*p**3/6 + p**2. Let f be q(5). Suppose 6*m + f = 4*m. Let z(u) = u**2 + 6*u - 4. What is z(m)?
3
Let k(i) = 2*i**3 + 3*i**2 + 6*i + 6. Let h be (-10 + (-224)/(-21))*(-4 - -1). Determine k(h).
-10
Let y(x) be the second derivative of -x**4/12 - 4*x**3/3 - 5*x**2/2 - 8*x. Let w be y(-6). Let v(j) = j - 8. Calculate v(w).
-1
Let b be 2/(-9) - (-1732)/18. Let v = -97 + b. Let i(h) = -10*h - 1. Determine i(v).
9
Let z(m) be the first derivative of 4/3*m**3 - 1/2*m**2 - 11 + 0*m. Determine z(1).
3
Let q be (7 - 1)/(3 + -7 - -6). Suppose -k - q*k - 20 = 0. Let v(u) = 3*u + 3*u**2 - 4 - 10*u - 4*u**2. Calculate v(k).
6
Let n(o) be the first derivative of 1/4*o**4 + 3*o**3 - 10*o + 11 + 3*o**2. Calculate n(-8).
6
Suppose 194*u - 185*u + 27 = 0. Let r(a) = a - 2. Determine r(u).
-5
Suppose 0 = -4*q - 4*l + 8, -2*q + 2*l = 64 - 72. Let j(p) = -p**2 + 3*p - 1. Let f(b) = 5*b**2 - 16*b + 4. Let i(w) = -2*f(w) - 11*j(w). Give i(q).
9
Let q(n) = n**3 - 6*n**2 + 2*n - 3. Suppose -2*l - 3*l + 33 = k, 3*k = -3*l + 27. Calculate q(l).
9
Suppose 3*y - 574 = -5*n + 2452, -n - 2*y + 608 = 0. Let w(x) = -604*x + n*x - 2*x**2. What is w(1)?
-2
Suppose 10 = 2*o - 2*k - 0, -2*k + 11 = 5*o. Let b(f) = -11*f**o + 7*f**2 - 10*f**2 + 4*f**2. What is b(-1)?
12
Let i be ((-292)/(-219))/((-8)/54). Let t(l) = l**2 + 9*l + 4. Calculate t(i).
4
Let v(f) = -f**3 + 3*f**2 + 17*f + 3. Let z = -1482 + 1488. Determine v(z).
-3
Let m(f) = 3*f + 7. Let w(k) = -2*k**2 - k. Let n be w(-2). Determine m(n).
-11
Let p(j) be the second derivative of j**4/12 + j**3/3 - 7*j**2/2 - j. Suppose 5*n - 8 = 12. Suppose 0*m - n*m - 20 = 0. Calculate p(m).
8
Let g(d) = -3*d + 58. Let x be g(16). Let t be (2/x + 48/10)*-1. Let m(y) = y**2 + 6*y - 2. Give m(t).
-7
Let n(u) be the first derivative of u**3/3 + u**2 + u - 578. Let d = -14 + 10. Calculate n(d).
9
Let w = 155 + -55. Let a = -103 + w. Let f(b) = b**2 - 2*b - 4. What is f(a)?
11
Let z = 46 + -99. Let j = 58 + z. Let d(t) = -t + 4. Determine d(j).
-1
Let h(j) = 3*j + 3. Let b(z) = -2*z**2 - 2*z + 28. Let p be b(-4). What is h(p)?
15
Let t(n) = -3*n - 2. Let u = -26 + 28. Suppose -14 = -2*o + 5*s, o = -o + u*s + 2. What is t(o)?
7
Let x(d) = 8*d + 3. Let b(u) = -5*u - 2. Let f(c) = 5*b(c) + 3*x(c). Let y = -1 + -2. Give f(y).
2
Suppose -1114 + 407 = -101*x. Let t(u) = -u**3 + 7*u**2 + 4*u - 10. Determine t(x).
18
Let a(i) be the second derivative of -14*i**3/3 - i**2 + 329*i. Determine a(-2).
54
Suppose 8 = 4*n + 4*w, 0*w - 2 = -n + w. Let l(o) be the second derivative of 4*o - 4*o**n + 0 - 1/2*o**3. What is l(-6)?
10
Let w(d) = -d**3 + 3*d**2 - 2*d + 1. Suppose -4*n = 4*l + 292, 0 = -3*n + 5*n - 5*l + 111. Let b = -67 - n. Calculate w(b).
1
Let f(p) = p**2 - 10*p - 13. Let y = 2491 + -2480. Calculate f(y).
-2
Let i(l) = -l**3 - 5*l**2 - 3*l - 1. Let n be i(-5). Suppose 3*g - n = -2. Let h be -1 - 4*g/8. Let w(p) = p**2 + 4. Calculate w(h).
13
Let m(n) = -n**3 + 16*n**2 + 6*n - 86. Let w be m(16). Let p(t) = -6*t + 13. Give p(w).
-47
Let i(q) = -52*q - 4 + 111*q - 58*q. Calculate i(9).
5
Let j(v) = v**2 + 7*v + 6. Let l be (-40)/6 + (-48)/144. What is j(l)?
6
Let m(z) = -z**3 + 2*z - 2. Let c be m(0). Let x be 16/(-12)*(-3)/c. Let l(n) = -2*n + 2. Calculate l(x).
6
Suppose -7*t - 60 = 3*t. Let j(k) be the second derivative of -k**6/720 - k**5/24 - k**4/4 + 3*k. Let f(v) be the third derivative of j(v). Calculate f(t).
1
Let j be 1648/(-56)*14/(-4). Let r = -100 + j. Let f(b) = -4*b**2 + 5*b - 2. Calculate f(r).
-23
Let z(p) be the third derivative of -p**5/60 + 7*p**4/24 + 2*p**3/3 + 166*p**2. Let b be (-12)/5*(-10)/4. What is z(b)?
10
Let h(n) = -n**2 - 7*n + 11. Let v be h(-8). Let q(u) = -u - 3. Let k(w) = -w. Let f(d) = 2*k(d) - q(d). Give f(v).
0
Let x = 187 - 107. Suppose x = p + 4*p. Suppose 3*u = -3*g + p - 40, 0 = -2*u + 2*g. Let s(f) = -f - 3. Calculate s(u).
1
Let u(a) = 7*a**3 - a. Let f be u(1). Let p(g) = g**2 - 7*g + 2. Determine p(f).
-4
Let c(g) = -g**2 - 33*g - 269. Let u be c(-19). Let h(p) = 2*p**3 - p**2 + 5*p + 2. Calculate h(u).
-76
Let k(x) = -x + 5. Let o(z) = -z**2 + 42*z - 216. Let b be o(36). Determine k(b).
5
Let r(x) = 2*x**2 - 7*x - 1. Let s(z) = z - 19. Let n be s(10). Let q be (-6)/(-4)*(-30)/n. What is r(q)?
14
Let z(r) = 71*r**2 - 137*r**2 - 2 + 2*r + 66*r**2 + r**3 + 1. Determine z(1).
2
Suppose -2 + 4 = g. Let d be (-2)/g*(1 - 2). Let y(f) = 2 + d + 7*f + 2 - 2. Give y(-2).
-11
Let v(q) = q**2 - 1. Let m(l) = 5*l**2 + 4*l - 8. Suppose -2*n - 5*p + p = 10, 4*p = 4*n - 16. Let u(g) = n*m(g) - 4*v(g). Determine u(-3).
-7
Let u = 807 - 535. Let o(v) = -v**3 - u + 274 - 2*v + 4*v - 2*v**2 + 0*v. Calculate o(-2).
-2
Let o(p) = p + 16. Let t be (-4)/(-38) + (-2304)/228. Give o(t).
6
Let r(a) be the first derivative of -a**3/3 - 7*a**2 + 2*a + 5. Let v be r(-14). Let f(c) = -7*c**2 - 1 - v*c + 2 - 2. Give f(-1).
-6
Suppose -29*z = -31*z + 8. Let a(m) = -4 + 614*m - 616*m + z. Determine a(5).
-10
Let w(l) = -10*l**2. Let d(h) = -h**3 - 3*h**2 - h. Let c be (-6)/15 - 22/(-5). Suppose 0 = 5*i + c*m - 8 + 1, -i - 3*m + 8 = 0. Let x be d(i). Calculate w(x).
-10
Let j(t) be the third derivative of t**6/90 - 9*t**3/2 + 42*t**2. Let i(o) be the first derivative of j(o). Determine i(1).
4
Let n be ((-12)/(-21))/((-2)/(-49)*7). Let m(z) = -2*z - 1. Determine m(n).
-5
Let k(s) = -s**2 - s + 1. Let w(m) = -4*m**2 - 5*m + 6. Suppose -5 = 4*t + 2*i - 3, 3*t = -2*i - 1. Let j(p) = t*w(p) + 3*k(p). What is j(-3)?
0
Let a = 47 + -52. Let x(p) = p + 2*p**2 + 2*p - 9*p**2 - 7 + 8*p**2. Give x(a).
3
Let w(h) = -2 + 2*h + 11*h - 19*h + 7*h. Suppose 2*n + 4 = -2*g, -2*n = -0*n - 4*g + 16. What is w(n)?
-6
Let o(s) = -s**2 - s + 1. Let u be 38/209 - (-2306)/22. Let l be ((-84)/u)/((-4)/10). Give o(l).
-5
Let g(q) be the third de